10001439 a multiple of 4?
False
Is 17 a factor of 14843873?
True
Does 175 divide 157150?
True
Is 142 a factor of 7876008?
False
Is 76180 a multiple of 52?
True
Is 1050840 a multiple of 10?
True
Is 404 a factor of 8103748?
False
Is 301 a factor of 1298438?
False
Is 24615 a multiple of 22?
False
Is 829030 even?
True
Is 40 a factor of 41147?
False
Is 473315 a multiple of 13?
False
Does 63 divide 141775?
False
Is 551 a factor of 797297?
True
Is 36 a factor of 4968?
True
Is 83 a factor of 289316?
False
Is 97334 a multiple of 56?
False
Does 25 divide 2054872?
False
Does 17 divide 72029?
True
Is 2466697 a multiple of 16?
False
Is 435570 a multiple of 302?
False
Is 8 a factor of 2133028?
False
Does 10 divide 102330?
True
Does 1159 divide 3261426?
True
Is 298 a factor of 733974?
True
Does 396 divide 301356?
True
Does 14 divide 129075?
False
Is 1076022 a multiple of 12?
False
Does 19 divide 1995570?
True
Is 312 a factor of 495456?
True
Does 39 divide 122630?
False
Is 14 a factor of 5715500?
True
Is 1219728 a multiple of 442?
False
Does 1166 divide 4785435?
False
Is 40 a factor of 40880?
True
Does 340 divide 3211640?
True
Does 7 divide 238322?
True
Is 656 a factor of 187966?
False
Is 106 a factor of 106000?
True
Is 1276595 a multiple of 127?
False
Is 445 a factor of 18688665?
True
Is 324 a factor of 2159578?
False
Does 4 divide 177851?
False
Is 58 a factor of 215818?
True
Is 53 a factor of 304008?
True
Is 9 a factor of 596889?
True
Is 107 a factor of 41648?
False
Is 118 a factor of 88972?
True
Is 819873 a multiple of 21?
False
Is 4847264 a multiple of 16?
True
Does 3 divide 265294?
False
Is 188 a factor of 95123?
False
Does 589 divide 6113212?
False
Is 16 a factor of 814288?
True
Is 402 a factor of 582205?
False
Is 35 a factor of 1038778?
False
Is 395680 a multiple of 10?
True
Is 25 a factor of 7278443?
False
Does 60 divide 17074?
False
Is 4 a factor of 2291798?
False
Does 40 divide 700440?
True
Is 18 a factor of 1503414?
True
Does 11 divide 81334?
True
Does 961 divide 1265637?
True
Is 267929 a multiple of 3?
False
Is 35 a factor of 3885?
True
Does 48 divide 8972299?
False
Does 3 divide 182382?
True
Does 107 divide 1431767?
True
Is 10 a factor of 77986?
False
Does 585 divide 2124135?
True
Does 512 divide 3151872?
True
Is 458956 a multiple of 358?
True
Does 202 divide 1028731?
False
Is 194688 a multiple of 104?
True
Is 348 a factor of 1883300?
False
Is 235119 a multiple of 433?
True
Is 508 a factor of 177800?
True
Is 636790 a multiple of 21?
False
Is 537278 a multiple of 4?
False
Is 64216 a multiple of 10?
False
Is 105 a factor of 2720945?
False
Is 7567224 a multiple of 372?
True
Is 92 a factor of 6597688?
True
Does 365 divide 370425?
False
Does 18 divide 1091160?
True
Does 3 divide 44350?
False
Does 262 divide 671994?
False
Does 133 divide 2295109?
False
Does 804 divide 11781424?
False
Does 139 divide 1791015?
True
Does 6 divide 4063152?
True
Is 61824 a multiple of 4?
True
Is 14 a factor of 54414?
False
Is 14 a factor of 343648?
False
Is 5756656 a multiple of 16?
True
Is 251040 a multiple of 463?
False
Is 205897 a multiple of 33?
False
Is 2118874 a multiple of 164?
False
Is 173968 a multiple of 866?
False
Is 918 a factor of 711450?
True
Is 864035 a multiple of 51?
False
Does 119 divide 4304111?
True
Is 16 a factor of 272343?
False
Does 10 divide 204670?
True
Is 182165 a multiple of 29?
False
Does 44 divide 183436?
True
Is 294 a factor of 5856847?
False
Is 45 a factor of 24962?
False
Does 4 divide 103512?
True
Is 2554320 a multiple of 348?
True
Is 531480 a multiple of 20?
True
Does 466 divide 157042?
True
Is 72576 a multiple of 32?
True
Does 11 divide 52679?
True
Is 45578 a multiple of 3?
False
Is 10 a factor of 4991420?
True
Is 8162 a multiple of 14?
True
Does 200 divide 673600?
True
Is 605 a factor of 8500423?
False
Does 377 divide 7107958?
True
Is 7 a factor of 2282056?
True
Is 61803 a multiple of 19?
False
Does 191 divide 2451390?
False
Is 48 a factor of 378007?
False
Does 4 divide 79236?
True
Is 3385459 a multiple of 11?
True
Is 6979151 a multiple of 78?
False
Does 2 divide 686821?
False
Is 1464177 a multiple of 39?
True
Is 48 a factor of 6693648?
True
Is 173 a factor of 7753959?
False
Does 10 divide 511860?
True
Is 114 a multiple of 4?
False
Is 108 a factor of 6934936?
False
Is 116385 a multiple of 11?
False
Is 12716 a multiple of 17?
True
Does 46 divide 215269?
False
Is 20418 a multiple of 83?
True
Does 8 divide 145992?
True
Does 1081 divide 305923?
True
Is 170507 a multiple of 14?
False
Is 2008268 a multiple of 527?
False
Does 622 divide 16895236?
False
Is 86 a factor of 11024426?
True
Is 4 a factor of 38732?
True
Is 3483895 a multiple of 17?
True
Does 69 divide 15663?
True
Does 782 divide 5025914?
True
Is 39 a factor of 1423309?
False
Is 24 a factor of 204558?
False
Does 41 divide 5005567?
True
Does 1488 divide 8415881?
False
Is 26268 a multiple of 148?
False
Is 1356 a factor of 4868040?
True
Does 26 divide 15687609?
False
Does 101 divide 32149?
False
Does 5 divide 8549306?
False
Does 20 divide 722031?
False
Does 352 divide 6958283?
False
Is 67788 a multiple of 59?
False
Does 125 divide 495336?
False
Does 14 divide 15427958?
True
Is 3161806 a multiple of 393?
False
Is 8 a factor of 598126?
False
Is 554 a factor of 19195017?
False
Is 51 a factor of 32958?
False
Is 142 a factor of 309355?
False
Is 34425000 a multiple of 540?
True
Is 1360370 a multiple of 149?
True
Is 797437 a multiple of 474?
False
Is 50796 a multiple of 83?
True
Is 3499818 a multiple of 601?
False
Is 632940 a multiple of 308?
True
Is 7 a factor of 1778910?
True
Is 53 a factor of 3275117?
False
Is 2440595 a multiple of 172?
False
Does 45 divide 467345?
False
Does 32 divide 896667?
False
Does 24 divide 6699144?
True
Does 519 divide 3497541?
True
Does 589 divide 143835?
False
Is 404 a factor of 7359015?
False
Is 2113272 a multiple of 7?
True
Is 6025007 a multiple of 1001?
False
Does 16 divide 1160197?
False
Does 14 divide 110768?
True
Is 461911 a multiple of 9?
False
Is 159596 a multiple of 89?
False
Does 295 divide 139240?
True
Does 3 divide 47229?
True
Is 24858240 a multiple of 856?
True
Is 1841423 a multiple of 25?
False
Does 42 divide 135206?
False
Does 24 divide 31257391?
False
Does 1331 divide 2752508?
True
Is 774 a factor of 178794?
True
Is 14513648 a multiple of 16?
True
Is 302677 a multiple of 38?
False
Is 825533 a multiple of 86?
False
Is 608851 a multiple of 19?
False
Does 57 divide 586587?
True
Is 27 a factor of 1218720?
False
Is 5353705 a multiple of 1104?
False
Is 5834189 a multiple of 622?
False
Is 5 a factor of 1432625?
True
Does 120 divide 3199339?
False
Is 150745 a multiple of 200?
False
Is 110 a factor of 915486?
False
Is 174708 a multiple of 22?
False
Does 19 divide 8732079?
False
Is 281229 a multiple of 12?
False
Is 19758556 a multiple of 39?
False
Does 11 divide 223575?
True
Does 3 divide 1560165?
True
Is 6 a factor of 10515558?
True
Does 16 divide 340688?
True
Is 1016272 a multiple of 77?
False
Is 828280 a multiple of 40?
True
Is 16 a factor of 535975?
False
Is 4855 a multiple of 5?
True
Is 121 a factor of 111562?
True
Is 1844 a factor of 6343861?
False
Is 189964 even?
True
Does 500 divide 1570600?
False
Does 8 divide 105800?
True
Is 7 a factor of 9809?
False
Does 82 divide 108404?
True
Is 2926014 a multiple of 46?
True
Is 6 a factor of 43710?
True
Is 306732 a multiple of 12?
True
Is 382192 a multiple of 8?
True
Does 5 divide 689160?
True
Is 11477930 a multiple of 10?
True
Does 4 divide 7030?
False
Does 35 divide 2044573?
False
Does 501 divide 1103266?
False
Is 105 a factor of 3670050?
False
Does 43 divide 104275?
True
Is 2643023 a multiple of 59?
True
Is 752 a factor of 3299412?
False
Is 1622502 a multiple of 14?
True
Is 4972800 a multiple of 1184?
True
Does 56 divide 1790320?
True
Is 283 a factor of 1539943?
False
Is 44910 a multiple of 8?
False
Is 18 a factor of 152478?
True
Is 10002783 a multiple of 51?
True
Is 364 a factor of 70458?
False
Does 47 divide 22901129?
False
Does 627 divide 1166560?
False
Is 36729 a multiple of 231?
True
Is 932 a factor of 26499226?
False
Is 225 a factor of 6237713?
False
Is 177227 a multiple of 25?
False
Does 21 divide 27174?
True
Is 477742 a multiple of 53?
True
Is 144 a factor of 127584?
True
Is 26264 a multiple of 67?
T